st common divisor of c and 18.
6
Let d(i) = -1148*i - 764. Let a be d(-3). What is the greatest common divisor of 32 and a?
8
Let i(h) = h**3 - 81*h**2 - 332*h - 608. Let x be i(85). Calculate the highest common divisor of 198 and x.
18
Suppose -1806 = 2*o - 9*o. What is the highest common divisor of 2494 and o?
86
Let h = -9 + 14. Let s be (-2)/(-5) - (-8697)/195. What is the highest common divisor of s and h?
5
Suppose -4810*i = -4812*i + 354. What is the highest common divisor of i and 1888?
59
Let x = -230 - -568. Let k be x/3 - 104/156. What is the highest common factor of k and 32?
16
Let t = -145 + 149. Suppose t = 8*b - 60. Calculate the highest common factor of b and 10.
2
Let c = -3912 - -3936. Calculate the greatest common divisor of 260 and c.
4
Suppose 98 - 19 = u. Suppose -4*p = -u + 23. Suppose p + 87 = 3*k - t, -4*t = 4*k - 156. Calculate the highest common factor of 10 and k.
5
Suppose 2*j = 9 - 1. Suppose -5*t = 3*n - 2*t, j*n - 14 = 3*t. Suppose 3*o - 3*m - 339 = -o, -m - 169 = -n*o. What is the greatest common divisor of o and 14?
14
Let g(n) = -2*n**2 + 2*n + 1. Let r be g(3). Let v be 1/(0 - -1) - r. Let m be ((-39)/12)/(5525/(-5100)). What is the highest common divisor of m and v?
3
Let y(w) be the second derivative of 2*w**3/3 + 51*w**2/2 + 22*w. Let k be y(-12). Suppose k*l + 3 = 24. Calculate the highest common divisor of l and 63.
7
Let x(c) = 27*c**2 - 31*c - 6. Let u be x(2). Let d = 26 + 54. What is the highest common factor of d and u?
40
Suppose 401*v + 640 = 417*v. Let m(o) = 17*o**2 + 1. Let s be m(4). Suppose -4*n = -127 - s. What is the greatest common factor of n and v?
20
Let j be -1*(-50 - (1 + 0)). Let w = -666781 + 667002. Calculate the greatest common factor of j and w.
17
Let y(x) = 8*x**2 + 67*x - 400. Let c be y(-25). What is the greatest common divisor of c and 234?
117
Let n(x) = 2*x**2 - 422*x + 7739. Let t be n(20). Let i be (-2)/6 - (-286)/3. Suppose 3*m - 293 = -i. What is the greatest common divisor of t and m?
33
Let h be (-2550)/90 + 1/3. Let b be h/(-350) + 3146/50. Calculate the highest common divisor of 9 and b.
9
Let h be (1/3)/(1/57). Let a(v) = -2*v**3 + 42*v**2 + 21*v + 24. Let u be a(22). Let i = 501 + u. Calculate the highest common divisor of h and i.
19
Let f = -1465 + 1744. Calculate the greatest common divisor of f and 6231.
93
Let s(q) = 16*q**2 - 28*q + 21. Let x be s(1). Let k = 57 + -36. Let w be 18/3*k/2. Calculate the highest common divisor of x and w.
9
Suppose 4*n - 2*z = 6524, -3*n - 7*z + 4904 = -3*z. Calculate the highest common factor of 144 and n.
48
Suppose 3*g - 4*g = -45. Suppose -5*r + 15 = 5*n, -3*n - 5*r + 2 = -3. Suppose -450 = -20*o + n*o. Calculate the highest common factor of o and g.
15
Let r(s) = 2*s**3 - 39*s**2 + 160*s + 30. Let v be r(23). Calculate the highest common factor of 21 and v.
21
Let u(m) = -4*m + 3 - 12 + 0*m. Let l be u(-6). Let h = 5186 - 5156. Calculate the highest common factor of h and l.
15
Suppose -5*i + 12257 = s + 2034, -3*i - 4*s = -6127. What is the highest common factor of 15 and i?
5
Let m(n) = 9*n + 4. Let o = -146 + 151. Let j be m(o). Calculate the greatest common factor of j and 28.
7
Suppose 5*f - 1071 = 4*b, f + 2*f + 2*b - 647 = 0. Suppose -3*k + 123 = 3*y, 0 = -4*k - 67*y + 65*y + 168. Calculate the highest common factor of k and f.
43
Suppose -253*c = -398446 + 13633. Calculate the highest common factor of 144 and c.
9
Let m(l) = l**3 + 7*l**2 + 3*l - 19. Let c be m(-5). Suppose -3*f + 3*r + 240 = 0, 0 = 3*f + c*r - 17*r - 250. What is the highest common divisor of 10 and f?
5
Suppose 59 - 97 = -2*f. Let z be f + (-10)/(-3)*69/46. Calculate the highest common divisor of z and 564.
12
Let z(m) = 2*m**3 + 50*m**2 + 35*m - 503. Let u be z(-18). What is the highest common divisor of u and 747?
83
Let r = 712 - 689. Suppose -p - 515 = -2*b, 21*b + 530 = r*b - 4*p. What is the greatest common divisor of 102 and b?
51
Let w = -10136 + 27528. Let h be w/64 - 2/(-8). What is the greatest common divisor of 16 and h?
16
Suppose -2*w + 102 = 162. Let q be 40/w + 444/9. Suppose 3*r + 24 = 7*r. What is the highest common divisor of r and q?
6
Let f be 58 + -62 - (-297)/(-2)*32/(-12). Calculate the greatest common factor of f and 14.
14
Suppose -k + 12 = k. Let c be 9*((25 - 21) + (-2)/k). What is the greatest common factor of c and 33?
33
Let j = 23458 - 16012. What is the greatest common divisor of 657 and j?
219
Suppose 0 = -4*f + 3*m + 470, -f + m + 59 = -58. Suppose -2*p = 4*a - 228, 0 = -3*a - p - 57 + 222. Calculate the greatest common divisor of f and a.
17
Let c be (-2)/(-7) - 5168/(-532). Suppose w = -n + 108 - 40, c = -5*n. What is the greatest common factor of 110 and w?
10
Let n(v) = 57*v - 2. Let q be n(2). Let j(o) = 13*o**2 + 1010*o - 2024. Let g be j(2). Calculate the highest common divisor of q and g.
16
Suppose -5*l - 122*q = -119*q - 771, -q + 457 = 3*l. Let z be (-1800)/54*(-21)/2. What is the greatest common divisor of l and z?
50
Suppose 151*x - 50083 = -69*x + 224257. What is the highest common divisor of 58 and x?
29
Suppose -8*v + 84 = 2*u - 4*v, -3*u = -v - 147. Suppose 0*g - 3*g + 936 = 0. What is the highest common factor of u and g?
24
Let d be 3*(-2)/6 - -4. Suppose -d*m + 5*l + 3 = -81, 2*m + l = 69. Suppose 10*a - m = 9*a. Calculate the greatest common factor of 33 and a.
33
Let k(o) = -o**3 - o**2 + 9*o + 8. Let s be 1/(38/10 - 4). Let x be k(s). Calculate the greatest common factor of x and 63.
63
Let q = -124 + 144. Suppose -2*o - 86 = -2*h - q, 5*h = -2*o + 130. Calculate the greatest common factor of h and 84.
28
Let o(v) = 4*v**2 + 116*v + 940. Let l be o(-13). What is the greatest common factor of l and 36?
36
Suppose 939492*s - 939511*s + 9747 = 0. Let c(w) = w**2 + w + 114. Let q be c(0). What is the greatest common factor of q and s?
57
Suppose -486*f + 521*f = 190855. What is the highest common factor of f and 1064?
133
Let n be (-2)/(-1)*(-8 - -12). Let t be -9 - (-21 + n) - -94. What is the highest common divisor of t and 14?
14
Let o be (-2)/(-6)*234/26 + (-404)/(-1). What is the greatest common divisor of 11 and o?
11
Let m = -20 + 46. Suppose 24*g - m*g + 70 = 0. Calculate the greatest common factor of g and 14.
7
Let j be (2 - 0 - 0)*3 - -868. Calculate the greatest common divisor of j and 57.
19
Let k be -4 + 68/20 + (-114)/10. Let g be (-108)/(-14)*(-252)/k. What is the highest common divisor of 12 and g?
6
Let y(g) = -45*g + 2020. Let v be y(44). Calculate the highest common divisor of 1310 and v.
10
Suppose 5*a = -200 - 205. Let p = a + 84. Suppose 112 = -p*l + 5*l. What is the greatest common divisor of l and 448?
56
Let r(v) = 10*v**2 - 38*v - 24. Let a be r(-4). Calculate the greatest common divisor of a and 936.
72
Let l(a) = 6*a**2 + 153*a + 745. Let o be l(-5). Suppose -w = -36 - 16. What is the highest common divisor of w and o?
26
Let t = 4 + 52. Let j = t - 47. Suppose -4*v = -j*v + 200. What is the greatest common divisor of 8 and v?
8
Let z = -48 + 40. Let r be z/20 - (634/(-10) + -2). Suppose -i = -3*w - 0*i + 38, 0 = -5*i + 5. Calculate the greatest common factor of r and w.
13
Let y be (26 + -6)*(-1 + 8). Let k be 35/y - (1 + 62/(-8)). Suppose 10*q - 1275 = -k*q. What is the highest common divisor of q and 15?
15
Let f be (10 - (-12)/(-3)) + -1. Let u(g) = -8*g - 19. Let y be u(-8). Let b be (y/36)/(2/56). What is the greatest common divisor of b and f?
5
Suppose 3*p + 3 = 9. Let k(r) = 4*r**3 + 2*r**2 - 3*r. Let g be k(p). Suppose v - 340 = -3*v. Calculate the highest common divisor of v and g.
17
Let l(c) = -5*c**3 - 3*c**2 - 7*c - 4. Let q be l(-1). Suppose -48 = -2*r - k, q*k + 15 = 5. What is the greatest common factor of 275 and r?
25
Let c be (-2 - -42)/(-8) + 6. Let i be (-1 - c)/(13/(2535/(-10))). What is the greatest common factor of 663 and i?
39
Let x(o) = 185*o - 3455. Let q be x(21). What is the greatest common divisor of 70 and q?
10
Let i(n) = 250*n - 163. Let t be i(13). Suppose -11*s = -32*s + t. Calculate the highest common factor of s and 63.
21
Suppose 3*j = 3*q + 12, j + q - 1 = 3*q. Suppose -t = j*t - 3*t. Suppose -8*p + 50 + 14 = t. Calculate the greatest common factor of p and 20.
4
Suppose 3*g + g = 4. Let b be g + -4 + 16 + -5. Let q